**2 - 28*g - 76. Determine x(-3).
-1153
Let t(a) = -a**2 - 86*a - 424. What is t(-5)?
-19
Let p(l) = 2*l**3 + 21*l**2 - 11*l - 17. What is p(-11)?
-17
Let z(r) = -6*r - 38. What is z(-4)?
-14
Let p(l) = l**3 - 65*l**2 - 5*l + 302. Determine p(65).
-23
Let t(d) = -39*d - 1419. Calculate t(-37).
24
Let k(o) = 11*o**3 - 13*o**2 + 80*o - 71. Calculate k(1).
7
Let u(b) = 65*b - 30357. Determine u(467).
-2
Let f(t) = t**2 + 28*t + 37. Calculate f(-19).
-134
Let s(w) = -4*w**2 - 328*w + 690. Calculate s(-84).
18
Let h(l) = -2*l**2 + 27*l - 24. Give h(7).
67
Let t(b) = 17*b - 1183. Calculate t(67).
-44
Let n(a) = 3*a**3 + 79*a**2 - 51*a + 65. Determine n(-27).
-16
Let y(l) = -l**2 + 100*l - 920. Give y(10).
-20
Let a(o) = -o**2 + 108*o + 944. Calculate a(114).
260
Let g(n) = 12*n**2 + 42*n + 151. Calculate g(-9).
745
Let j(a) = 9*a**2 - 53*a - 23. Give j(8).
129
Let d(b) = 84*b - 389. Determine d(12).
619
Let c(h) = 2*h**3 - 9*h**2 + 22*h - 77. Give c(4).
-5
Let z(f) = 2818*f + 16903. What is z(-6)?
-5
Let z(c) = -c**3 + 37*c**2 - 6*c + 199. Give z(37).
-23
Let o(t) = -3041*t - 14. Determine o(0).
-14
Let w(p) = -146*p - 6867. What is w(-47)?
-5
Let n(j) = 5*j + 171. Determine n(-29).
26
Let f(g) = -5*g**3 - 35*g**2 + 92*g + 22. Calculate f(-9).
4
Let r(k) = -4*k**3 - 974*k - 973. Determine r(-1).
5
Let g(i) = -2*i**2 + 155*i + 80. What is g(78)?
2
Let b(i) = -i**3 + 11*i**2 + 1026*i. Calculate b(38).
0
Let g(q) = -3*q**3 + 84*q**2 + 3*q + 1. What is g(28)?
85
Let q(k) = 2*k**2 - 11*k - 380. What is q(-12)?
40
Let d(u) = -4*u**2 - 136*u - 116. Give d(-33).
16
Let g(o) = 8*o + 126. What is g(-26)?
-82
Let n(o) = -5*o**2 + 210*o + 12. Give n(42).
12
Let d(s) = -2*s**3 - 28*s**2 - 30*s - 60. What is d(-13)?
-8
Let j(q) = 161*q + 21251. What is j(-132)?
-1
Let d(n) = 6*n**3 + 223*n**2 - 188*n - 31. Determine d(-38).
-107
Let d(p) = -25*p - 45. Give d(-2).
5
Let y(w) = w**2 - 1642*w - 8239. Calculate y(-5).
-4
Let d(z) = z**2 - 1164*z + 11550. What is d(10)?
10
Let j(t) = t**3 - 22*t**2 + 236*t - 3398. Determine j(19).
3
Let n(d) = -15*d - 69. What is n(2)?
-99
Let i(t) = -t**2 + 24*t - 148. Calculate i(6).
-40
Let l(q) = -17*q - 244. Determine l(-15).
11
Let y(j) = j**3 - 59*j**2 + 10*j - 585. Determine y(59).
5
Let f(h) = 182*h + 1651. What is f(-9)?
13
Let a(w) = -2*w**2 + 35*w - 60. Give a(16).
-12
Let z(q) = -2*q**2 - 391*q - 10321. What is z(-164)?
11
Let a(d) = -d**3 + 48*d**2 + 261*d + 243. What is a(53)?
31
Let b(m) = -4*m**2 + 53*m - 25. Give b(13).
-12
Let q(z) = 4*z**3 + 83*z**2 + 431*z + 13. Give q(-10).
3
Let u(f) = -198*f + 1386. Give u(6).
198
Let w(t) = -t**3 - 97*t**2 - 625*t + 526. Calculate w(-90).
76
Let y(v) = -25*v - 152. What is y(16)?
-552
Let q(j) = -2*j**3 + 10*j**2 - 15*j + 74. Calculate q(5).
-1
Let f(i) = -i**3 + 11*i**2 - 24*i + 1. Determine f(9).
-53
Let f(d) = d**2 + 6*d - 167. What is f(0)?
-167
Let d(q) = q**3 - 3*q**2 - 4*q - 5. Calculate d(3).
-17
Let o(s) = 2*s**2 - 242*s + 2026. What is o(112)?
10
Let y(n) = -231*n - 3560. Give y(-16).
136
Let x(p) = -p**2 - 23*p + 1593. Determine x(-53).
3
Let q(a) = 6*a**2 + 903*a - 7600. Give q(8).
8
Let t(u) = -4*u**2 + 22*u - 36. What is t(2)?
-8
Let v(g) = 131*g**2 + 46*g - 48. Give v(1).
129
Let g(a) = -173*a - 24. Determine g(-1).
149
Let y(l) = 10*l**2 + 5*l - 9. Calculate y(-6).
321
Let t(m) = 2*m**2 - 9*m + 134. Give t(9).
215
Let j(p) = 80*p + 1. Give j(0).
1
Let l(w) = 2*w**2 - 40*w - 128. Give l(30).
472
Let x(v) = -v**2 + 19*v + 510. Calculate x(-15).
0
Let s(a) = 3*a**3 + 27*a**2 + 25*a + 6. Calculate s(-8).
-2
Let j(g) = -412*g - 3283. Give j(-8).
13
Let z(p) = -p**3 - 14*p**2 + 68*p - 77. Calculate z(-18).
-5
Let q(l) = -l**3 + 19*l**2 + 14*l - 101. What is q(20)?
-221
Let m(d) = d - 3. Give m(-8).
-11
Let c(s) = 2*s**3 - 24*s**2 - 7*s + 60. Determine c(12).
-24
Let m(j) = j**2 + 2*j - 200. Calculate m(-17).
55
Let a(u) = u**2 - 15*u + 56. Calculate a(4).
12
Let d(j) = 864*j - 16413. Calculate d(19).
3
Let z(w) = 5*w - 112. Determine z(-4).
-132
Let u(d) = -d**3 + 15*d**2 - 3*d - 3. Give u(3).
96
Let c(j) = -j**2 + 227*j - 12670. Determine c(128).
2
Let k(v) = v**3 + 2*v**2 - 31*v - 23. Determine k(5).
-3
Let c(t) = -46*t + 740. Calculate c(16).
4
Let b(n) = n**2 + 63*n + 642. Determine b(-13).
-8
Let s(x) = 3*x**2 + 402*x + 2311. What is s(-6)?
7
Let u(a) = 8*a - 47. Calculate u(13).
57
Let d(q) = q**3 + 58*q**2 + 279*q + 745. What is d(-53)?
3
Let f(p) = 3*p - 822. Calculate f(-56).
-990
Let s(j) = -3*j**2 - 49*j - 236. Give s(-12).
-80
Let b(r) = -4*r**2 + 49*r - 214. Give b(4).
-82
Let i(b) = 467*b + 6896. Calculate i(-15).
-109
Let l(d) = 2*d**2 + 20*d + 20. Determine l(-8).
-12
Let q(o) = -o**3 + 23*o**2 - 12*o. Calculate q(23).
-276
Let l(i) = -3868*i - 1. Give l(0).
-1
Let s(p) = 4*p**3 + 114*p**2 + 50*p - 168. Calculate s(-28).
0
Let m(y) = -3*y**3 - 60*y**2 - 277*y - 45. Calculate m(-13).
7
Let t(y) = 635*y + 13985. Determine t(-22).
15
Let v(p) = 2*p**2 - 20*p + 27. Calculate v(3).
-15
Let w(i) = i**2 - 92*i + 1306. Calculate w(17).
31
Let p(v) = 103*v + 241. Calculate p(-2).
35
Let l(a) = -82*a + 6070. Determine l(74).
2
Let w(p) = -54*p**2 + 264*p + 1. Give w(5).
-29
Let i(y) = 147*y + 69. Determine i(-4).
-519
Let j(t) = 783*t + 9410. Calculate j(-12).
14
Let g(m) = -41*m - 203. Determine g(-8).
125
Let u(w) = -w**2 + 9*w + 109. Calculate u(12).
73
Let x(d) = 2*d**3 - 3*d**2 + 666*d - 2031. What is x(3)?
-6
Let c(v) = 10*v - 627. What is c(26)?
-367
Let r(v) = -v**3 - 13*v**2 - 30*v - 9. Give r(-9).
-63
Let a(c) = -c**2 + 12*c + 113. Determine a(-7).
-20
Let m(s) = -2*s**3 - 39*s**2 - 14*s + 106. Calculate m(-19).
11
Let h(j) = 13*j - 242. What is h(-5)?
-307
Let o(l) = -l**2 - 27*l - 26. Give o(-26).
0
Let t(z) = -z**2 + 94*z - 2123. Calculate t(37).
-14
Let b(r) = -r**2 - 38*r - 227. Calculate b(-7).
-10
Let t(o) = 2*o**3 + 3*o**2 - 62*o - 11. Give t(-6).
37
Let n(i) = -i**3 + 10*i**2 - 357*i + 2731. Determine n(8).
3
Let o(i) = -16256*i + 16274. Determine o(1).
18
Let s(q) = -26*q - 534. Calculate s(-24).
90
Let o(f) = f**3 + f**2 + 20*f - 49. What is o(3)?
47
Let i(t) = 26*t**3 - 527*t**2 - 399*t + 2. What is i(21)?
2
Let s(k) = -6*k**2 - 5*k. Give s(-3).
-39
Let u(w) = 67*w + 3248. Determine u(-59).
-705
Let k(z) = 27*z**2 + 325*z - 2. Calculate k(-12).
-14
Let j(u) = 2*u**3 - 16*u + 1. What is j(-5)?
-169
Let c(l) = 5*l**3 - 15*l + 27. Determine c(2).
37
Let b(u) = -6*u - 208. Give b(-25).
-58
Let k(c) = -134*c - 944. What is k(-7)?
-6
Let q(c) = 41*c**2 + 32*c - 31. Determine q(1).
42
Let h(a) = a**3 - 41*a**2 - 31*a + 2836. Give h(40).
-4
Let s(w) = w**3 + 14*w**2 - 19*w - 61. Calculate s(-15).
-1
Let j(m) = 413*m - 438. Determine j(1).
-25
Let f(c) = 1029*c + 967. Give f(-1).
-62
Let d(w) = w**2 + 13*w - 1147. What is d(28)?
1
Let f(n) = -17*n**3 - 9*n**2 + 22*n + 77. Give f(-4).
933
Let u(i) = 16*i**3 + 2*i**2 - 3*i + 5. Calculate u(2).
135
Let o(v) = -8*v - 434. Give o(-50).
-34
Let h(q) = -3*q**2 + 27*q - 36. Calculate h(10).
-66
Let q(c) = -6*c**2 - 93*c - 12. What is q(0)?
-12
Let a(w) = 5*w + 548. Calculate a(-106).
18
Let t(x) = -10*x + 306. Determine t(32).
-14
Let q(y) = -y**3 - 2*y**2 + 8*y. What is q(-2)?
-16
Let q(k) = 21186*k - 190671. What is q(9)?
3
Let s(h) = 4*h**2 - 22*h - 369. Calculate s(13).
21
Let t(d) = -17*d**2 - d + 17. Give t(3).
-139
Let y(r) = 504*r - 1525. Calculate y(3).
-13
Let l(p) = p**3 - 9*p**2 + 19*p - 66. Determine l(7).
-31
Let i(b) = -171*b + 1188. What is i(7)?
-9
Let g(b) = -26*b - 485. Give g(-19).
9
Let c(u) = -16*u**2 - 17*u - 18. What is c(-1)?
-17
Let j(h) = 40*h + 265. Determine j(0).
265
Let o(r) = 31*r**2 - 275*r - 4. Give o(10).
346
Let h(k) = -k**2 + 53*k - 81. Give h(52).
-29
Let h(q) = -4*q**3 + 10*q**2 - 9*q + 41. Give h(7).
-904
Let b(i) = 2*i**3 - 68*i**2 + 245*i + 116. What is b(30)?
266
Let t(u) = 19*u**2 - 45*u + 45. What is t(1)?
19
Let r(w) = 135*w**2 - 1487*w + 21. Calculate r(11).
-1
Let n(x) = -31*x - 502. Determine n(6).
-688
Let i(u) = -9*u + 197. Calculate i(15).
62
Let s(o) = -190*o + 562. Give s(2).
182
Let b(h) = 8*h + 604. Give b(-75).
4
Let g(r) = -3*r + 208. What is g(68)?
4
Let r(i) = 53*i + 45. What is r(-2)?
-61
Let h(w) = 17*w + 751. Give h(-65).
-354
Let n(d) = -